tors of 356504121.
3, 2677, 14797
What are the prime factors of 76163939?
76163939
What are the prime factors of 19725586?
2, 9862793
List the prime factors of 182136481.
59, 3087059
What are the prime factors of 13096397?
3257, 4021
List the prime factors of 14782433.
131, 112843
What are the prime factors of 44817280?
2, 5, 239, 293
List the prime factors of 246830737.
37, 163, 40927
List the prime factors of 1252757702.
2, 7, 173, 517241
What are the prime factors of 65643642?
2, 3, 1215623
List the prime factors of 33948554.
2, 19, 893383
What are the prime factors of 122225003?
122225003
What are the prime factors of 120458283?
3, 11, 331841
What are the prime factors of 734804156?
2, 3229, 56891
What are the prime factors of 208416046?
2, 104208023
List the prime factors of 118689976.
2, 43, 97, 3557
List the prime factors of 3501756951.
3, 7, 11, 17, 499, 1787
List the prime factors of 2743405557.
3, 47, 53, 83, 4423
List the prime factors of 342496987.
7, 269, 181889
List the prime factors of 296904275.
5, 11876171
What are the prime factors of 32990943?
3, 101, 108881
List the prime factors of 1999599101.
1999599101
List the prime factors of 29330634.
2, 3, 599, 8161
What are the prime factors of 205755023?
491, 419053
List the prime factors of 33745629.
3, 17, 661679
What are the prime factors of 181339106?
2, 13, 107, 65183
List the prime factors of 29398563.
3, 181, 18047
What are the prime factors of 15120252?
2, 3, 7, 29, 2069
List the prime factors of 438685148.
2, 11, 19, 524743
List the prime factors of 442958642.
2, 7, 487, 64969
List the prime factors of 24741337.
24741337
What are the prime factors of 101464194?
2, 3, 13, 17, 76519
List the prime factors of 82084422.
2, 3, 7, 1954391
List the prime factors of 735373142.
2, 7, 2833, 18541
What are the prime factors of 279388661?
279388661
What are the prime factors of 147636260?
2, 5, 31, 227, 1049
What are the prime factors of 17917027?
17917027
List the prime factors of 2454624393.
3, 13, 62939087
What are the prime factors of 648753615?
3, 5, 2801, 5147
List the prime factors of 334784854.
2, 47, 3561541
What are the prime factors of 103457836?
2, 167, 154877
List the prime factors of 4073284785.
3, 5, 271552319
List the prime factors of 2397726534.
2, 3, 7, 57088727
What are the prime factors of 711708554?
2, 355854277
List the prime factors of 7207910988.
2, 3, 17, 2749, 12853
List the prime factors of 74520947.
74520947
What are the prime factors of 42474809?
13, 929, 3517
What are the prime factors of 5228153057?
5228153057
What are the prime factors of 504954175?
5, 11, 79, 2113
List the prime factors of 5018789867.
7, 13, 7878791
List the prime factors of 355078808.
2, 7, 751, 8443
List the prime factors of 1863736170.
2, 3, 5, 62124539
What are the prime factors of 30122407?
7, 614743
What are the prime factors of 83778203?
181, 462863
List the prime factors of 120949549.
7, 41, 131, 3217
What are the prime factors of 789454954?
2, 109, 3621353
What are the prime factors of 6094672417?
6094672417
List the prime factors of 574302054.
2, 3, 263, 353, 1031
List the prime factors of 20433693.
3, 7, 973033
List the prime factors of 1023024003.
3, 601, 567401
What are the prime factors of 30100281?
3, 10033427
What are the prime factors of 1092041698?
2, 11, 1667, 2707
List the prime factors of 341054450.
2, 5, 11, 620099
What are the prime factors of 127609013?
7, 18229859
What are the prime factors of 101300670?
2, 3, 5, 71, 83, 191
What are the prime factors of 450004619?
37, 79, 153953
What are the prime factors of 863995171?
13, 66461167
List the prime factors of 49072244.
2, 13, 41, 23017
What are the prime factors of 2603248722?
2, 3, 144624929
What are the prime factors of 46458330?
2, 3, 5, 41, 107, 353
List the prime factors of 945244564.
2, 11, 1439, 14929
What are the prime factors of 974003971?
974003971
List the prime factors of 1648701937.
173, 467, 20407
What are the prime factors of 2067673916?
2, 7, 11, 379, 17713
What are the prime factors of 1173293774?
2, 29, 211, 95873
What are the prime factors of 682307617?
43, 1229, 12911
List the prime factors of 16492728.
2, 3, 7, 127, 773
What are the prime factors of 313106540?
2, 5, 877, 17851
List the prime factors of 110690017.
110690017
What are the prime factors of 4791323096?
2, 7, 1746109
What are the prime factors of 2293210409?
7, 29, 11296603
What are the prime factors of 487825544?
2, 41, 1487273
What are the prime factors of 703990410?
2, 3, 5, 43, 367, 1487
List the prime factors of 868023296.
2, 7, 83, 1459
List the prime factors of 108498856.
2, 107, 126751
List the prime factors of 231297150.
2, 3, 5, 7, 31469
What are the prime factors of 50698488?
2, 3, 17, 313, 397
What are the prime factors of 3103545018?
2, 3, 7, 139, 531611
List the prime factors of 46233166.
2, 7, 17, 27751
What are the prime factors of 10319494?
2, 2029, 2543
List the prime factors of 235641120.
2, 3, 5, 11, 13, 3433
What are the prime factors of 260096562?
2, 3, 11, 157, 2789
What are the prime factors of 29046307?
19, 89, 193
List the prime factors of 1598568016.
2, 73, 107, 12791
What are the prime factors of 145337?
23, 71, 89
What are the prime factors of 514405154?
2, 37, 113, 227, 271
What are the prime factors of 11805392?
2, 43, 17159
List the prime factors of 251023047.
3, 11, 1709, 4451
List the prime factors of 37221037.
7, 271, 2803
List the prime factors of 112323671.
112323671
What are the prime factors of 62874957?
3, 61, 343579
List the prime factors of 165707057.
3881, 42697
What are the prime factors of 714034153?
7, 17, 79, 151, 503
What are the prime factors of 108192216?
2, 3, 11, 17, 24107
What are the prime factors of 1152506416?
2, 107, 673193
What are the prime factors of 18418898?
2, 31, 297079
List the prime factors of 470162411.
2081, 225931
List the prime factors of 6069610.
2, 5, 606961
List the prime factors of 3484687378.
2, 1742343689
What are the prime factors of 541908859?
347, 1561697
List the prime factors of 935158511.
7, 19, 89, 199, 397
List the prime factors of 27222872.
2, 139, 24481
List the prime factors of 833636889.
3, 92626321
List the prime factors of 792077549.
17, 83, 561359
List the prime factors of 57957078.
2, 3, 9659513
List the prime factors of 131270385.
3, 5, 29, 523, 577
What are the prime factors of 7034041?
7, 71, 14153
What are the prime factors of 160589662?
2, 80294831
List the prime factors of 182736430.
2, 5, 373, 48991
List the prime factors of 3073135753.
19, 347, 466121
List the prime factors of 293624070.
2, 3, 5, 9787469
List the prime factors of 149286465.
3, 5, 193, 17189
List the prime factors of 165000821.
109, 631, 2399
List the prime factors of 30870351.
3, 17, 201767
What are the prime factors of 157175984?
2, 7, 1403357
What are the prime factors of 30227548?
2, 13, 73, 7963
List the prime factors of 727563038.
2, 389, 709, 1319
What are the prime factors of 200085278?
2, 43, 83, 28031
List the prime factors of 1203223601.
29, 41490469
What are the prime factors of 40321155?
3, 5, 7, 137, 2803
What are the prime factors of 674432760?
2, 3, 5, 5620273
List the prime factors of 685384.
2, 7, 12239
What are the prime factors of 192106213?
13, 14777401
What are the prime factors of 163845578?
2, 13, 53, 118901
List the prime factors of 251874824.
2, 31484353
List the prime factors of 402275099.
227, 757, 2341
List the prime factors of 171074401.
171074401
List the prime factors of 950472959.
1229, 773371
List the prime factors of 432671044.
2, 13, 37, 224881
What are the prime factors of 136892543?
79, 1732817
What are the prime factors of 50073074?
2, 109, 229693
List the prime factors of 1261417706.
2, 630708853
What are the prime factors of 43803937?
23, 1904519
List the prime factors of 16226097.
3, 1867, 2897
What are the prime factors of 428722265?
5, 85744453
What are the prime factors of 80237098?
2, 4253, 9433
What are the prime factors of 1140504591?
3, 139, 2735023
List the prime factors of 64154555.
5, 12830911
What are the prime factors of 229828970?
2, 5, 7, 3283271
What are the prime factors of 109623900?
2, 3, 5, 365413
List the prime factors of 625003652.
2, 7, 13, 1717043
What are the prime factors of 373093352?
2, 29, 997